{"id":39,"date":"2016-11-28T23:42:45","date_gmt":"2016-11-28T22:42:45","guid":{"rendered":"http:\/\/buchham.com\/buchham\/?page_id=39"},"modified":"2016-12-01T17:13:10","modified_gmt":"2016-12-01T16:13:10","slug":"kontakte","status":"publish","type":"page","link":"https:\/\/buchham.com\/buchham\/kontakte\/","title":{"rendered":"Kontakte"},"content":{"rendered":"<p><strong>Fa. Dr. J\u00fcrgen Buchham, Softwareentwicklung<\/strong><\/p>\n<p>Landgrabenstra\u00dfe 2<br \/>\n99734 Nordhausen<br \/>\nTel.: 03631 988136<br \/>\nFax: 03631 902425<br \/>\neMail: <a class=\"HyperlinkBlue\" href=\"mailto:buchham@buchham.de\" target=\"_self\">buchham@buchham.de<\/a><\/td>\n<hr>\n<p><strong>HOTLINE Computer GmbH Nordhausen<\/strong><br \/>\nGesch\u00e4ftsf\u00fchrer: Dr. J\u00fcrgen Buchham<\/p>\n<p>Landgrabenstra\u00dfe 2<br \/>\n99734 Nordhausen<br \/>\nTel.: 03631 988136<br \/>\nFax: 03631 902425<br \/>\neMail: <a class=\"HyperlinkBlue\" href=\"mailto:hotline@buchham.de\">hotline@buchham.de<\/a><\/p>\n","protected":false},"excerpt":{"rendered":"<p>Fa. Dr. J\u00fcrgen Buchham, Softwareentwicklung Landgrabenstra\u00dfe 2 99734 Nordhausen Tel.: 03631 988136 Fax: 03631 902425 eMail: buchham@buchham.de HOTLINE Computer GmbH Nordhausen Gesch\u00e4ftsf\u00fchrer: Dr. J\u00fcrgen Buchham Landgrabenstra\u00dfe 2 99734 Nordhausen Tel.: 03631 988136 Fax: 03631 902425 eMail: hotline@buchham.de<\/p>\n","protected":false},"author":1,"featured_media":0,"parent":0,"menu_order":5,"comment_status":"closed","ping_status":"closed","template":"","meta":{"footnotes":""},"_links":{"self":[{"href":"https:\/\/buchham.com\/buchham\/wp-json\/wp\/v2\/pages\/39"}],"collection":[{"href":"https:\/\/buchham.com\/buchham\/wp-json\/wp\/v2\/pages"}],"about":[{"href":"https:\/\/buchham.com\/buchham\/wp-json\/wp\/v2\/types\/page"}],"author":[{"embeddable":true,"href":"https:\/\/buchham.com\/buchham\/wp-json\/wp\/v2\/users\/1"}],"replies":[{"embeddable":true,"href":"https:\/\/buchham.com\/buchham\/wp-json\/wp\/v2\/comments?post=39"}],"version-history":[{"count":4,"href":"https:\/\/buchham.com\/buchham\/wp-json\/wp\/v2\/pages\/39\/revisions"}],"predecessor-version":[{"id":44,"href":"https:\/\/buchham.com\/buchham\/wp-json\/wp\/v2\/pages\/39\/revisions\/44"}],"wp:attachment":[{"href":"https:\/\/buchham.com\/buchham\/wp-json\/wp\/v2\/media?parent=39"}],"curies":[{"name":"wp","href":"https:\/\/api.w.org\/{rel}","templated":true}]}}