{"id":18,"date":"2015-12-30T00:48:53","date_gmt":"2015-12-29T23:48:53","guid":{"rendered":"http:\/\/buchham.com\/buchham\/?page_id=18"},"modified":"2024-07-03T10:35:23","modified_gmt":"2024-07-03T08:35:23","slug":"winthea","status":"publish","type":"page","link":"https:\/\/buchham.com\/buchham\/winthea\/","title":{"rendered":""},"content":{"rendered":"<p><strong>Dr. Buchhams WinTHEA &#8211; das Ticketing-Allround-Genie<img loading=\"lazy\" decoding=\"async\" class=\"alignnone size-medium wp-image-85\" src=\"http:\/\/buchham.com\/buchham\/wp-content\/uploads\/2015\/12\/WinTHEA-300x99.jpg\" alt=\"winthea\" width=\"300\" height=\"99\" srcset=\"https:\/\/buchham.com\/buchham\/wp-content\/uploads\/2015\/12\/WinTHEA-300x99.jpg 300w, https:\/\/buchham.com\/buchham\/wp-content\/uploads\/2015\/12\/WinTHEA.jpg 500w\" sizes=\"(max-width: 300px) 100vw, 300px\" \/><\/strong><\/p>\n<p>Dr.BUCHHAMs THEA hat sich im Verlauf von \u00fcber drei\u00dfig Jahren vom speziellen Theater-Besucherserviceprogramm weiterentwickelt zum universellen Softwaresystem f\u00fcr im weitesten Sinne alle Bereiche, wo Tickets verkauft und Veranstaltungen organisiert werden.<\/p>\n<p>WinTHEA bietet integriert, unter dem Dach einer einheitlichen Kassenf\u00fchrung, die volle Funktionalit\u00e4t f\u00fcr<br \/>\n&#8211; <strong>Veranstaltungsticketing<\/strong> bis hin zu komplexen L\u00f6sungen f\u00fcr gro\u00dfe Theater mit umfangreichen Abo-Systemen,<br \/>\n&#8211; <strong>Einlasskartenverkauf<\/strong> f\u00fcr Museen u.\u00e4.,<br \/>\n&#8211; F\u00fchrungsorganisation,<br \/>\n&#8211; <strong>Artikelverkauf<\/strong> (Shop) mit Warenwirtschaft.<\/p>\n<p>WinTHEA bietet unter anderem beispielsweise<br \/>\n&#8211; echtes <strong>Internet-Ticketing<\/strong> (THEAweb und THEAmobile) f\u00fcr Vorverkaufsstellen und individuelle Kunden,<br \/>\n&#8211; ein <strong>Call Center<\/strong>,<br \/>\n&#8211; ein komfortables <strong>Raumdisposition<\/strong>ssystem inkl. Equipmentverwaltung,<br \/>\n&#8211; eine vielf\u00e4ltig konfigurierbare <strong>Einlasskontrolle<\/strong>,<br \/>\n&#8211; integriertes <strong>Rechnungswesen<\/strong> inkl. Lastschriftabwicklung und Mahnwesen,<br \/>\n&#8211; Schnittstellen zur <strong>Finanzbuchhaltung<\/strong>, . . .<\/p>\n<p>WinTHEA wird genutzt in vielen unterschiedlichen Einrichtungen in Deutschland und \u00d6sterreich, wie<br \/>\n&#8211; Theater von Kleinkunstb\u00fchne und Kabaret bis zum gro\u00dfen Nationaltheater,<br \/>\n&#8211; Kulturh\u00e4user und Stadthallen,<br \/>\n&#8211; Museen, Museumsparks, Besucherbergwerke, Burgen und Schl\u00f6sser,<br \/>\n&#8211; Touristik-, Freizeit- und Vergn\u00fcgungseinrichtungen, Traditionsbahnen,<br \/>\n&#8211; Landesgartenschauen, . . .<\/p>\n<p>Wenn Sie also<\/p>\n<p>ein <strong>Theater<\/strong> oder einen theater\u00e4hnlichen Kulturbetrieb f\u00fchren mit allem was dazu geh\u00f6rt, und wenn Sie an Ihren Kassen auch Artikel verkaufen und wenn Sie gar noch Einlasskarten und Tickets f\u00fcr F\u00fchrungen verkaufen<\/p>\n<p>oder wenn Sie ein <strong>Museum<\/strong> betreiben und daf\u00fcr Einlasskarten unterschiedlichster Art verkaufen und wenn Sie F\u00fchrungen durchf\u00fchren und wenn Sie an Ihren Kassen auch Artikel verkaufen und wenn Sie auch noch Veranstaltungen organisieren und daf\u00fcr Karten verkaufen<\/p>\n<p>oder wenn Sie in erster Linie einen <strong>Shop<\/strong> betreiben und ein Kassensystem mit Warenwirtschaft ben\u00f6tigen und wenn Sie in diesem Shop auch Veranstaltungstickets und Einlasskarten verkaufen oder<\/p>\n<p>wenn Sie einen <strong>Freizeitbetrieb<\/strong> f\u00fchren mit vielf\u00e4ltigsten Angeboten einschlie\u00dflich Veranstaltungstickets und komplexen Packages und wenn Sie das alles mit einer mobilen Einlasskontrolle verbinden wollen oder<\/p>\n<p>wenn Sie <strong>Event- und Veranstaltungsmanagement <\/strong>in einem System mit Ticketing sowie Raumdisposition und Equipmentverwaltung verbinden wollen,<\/p>\n<p>dann brauchen Sie ein System, das all dies kann &#8211; von der Planung bis zu Abrechnung und Statistik.<br \/>\nDann brauchen Sie eine professionelle Software, mit der Sie das alles unter einen Hut bekommen.<br \/>\nDann brauchen Sie <strong>Dr. BUCHHAMs WinTHEA<\/strong>!<\/p>\n<p>Wenn Sie der Meinung sind, dass Sie daf\u00fcr ein InHouse-System bevorzugen, mit dem Sie Ihre wichtigen Prozesse selbst in der Hand behalten, und wenn Sie dar\u00fcber hinaus \u201aweltweit&#8216; Ihre Dienste im in quasi Echtzeit im Internet anbieten wollen, dann brauchen Sie erst recht WinTHEA!<\/p>\n<p>Und wenn dieses System auch noch preiswert sein soll mit fairen Konditionen ohne Abzockerei \u00fcber Ticketgeb\u00fchren und wenn das dann auch noch auf Ihrer ganz normalen PC-Hardware laufen soll, dann dr\u00e4ngt sich WinTHEA geradezu auf.<\/p>\n<p>Und wenn Sie als Partner Profis suchen, die nicht nur erfahrene Softwareentwickler sind, sondern sich auch in der Organisation Ihrer Prozesse bestens auskennen, dann . . . Sie wissen bereits wie es weitergeht.<\/p>\n<p>Und wenn Sie meinen, das ist f\u00fcr Sie interessant, und wenn Sie deshalb mehr erfahren wollen, dann fragen Sie uns doch einfach: <strong>buchham@buchham.de<\/strong><br \/>\nGern schicken wir Ihnen auch eine Info-Mappe.<\/p>\n","protected":false},"excerpt":{"rendered":"<p>Dr. Buchhams WinTHEA &#8211; das Ticketing-Allround-Genie Dr.BUCHHAMs THEA hat sich im Verlauf von \u00fcber drei\u00dfig Jahren vom speziellen Theater-Besucherserviceprogramm weiterentwickelt zum universellen Softwaresystem f\u00fcr im weitesten Sinne alle Bereiche, wo Tickets verkauft und Veranstaltungen organisiert werden. WinTHEA bietet integriert, unter &hellip; <a href=\"https:\/\/buchham.com\/buchham\/winthea\/\">Weiterlesen <span class=\"meta-nav\">&rarr;<\/span><\/a><\/p>\n","protected":false},"author":1,"featured_media":0,"parent":0,"menu_order":2,"comment_status":"closed","ping_status":"closed","template":"","meta":{"footnotes":""},"_links":{"self":[{"href":"https:\/\/buchham.com\/buchham\/wp-json\/wp\/v2\/pages\/18"}],"collection":[{"href":"https:\/\/buchham.com\/buchham\/wp-json\/wp\/v2\/pages"}],"about":[{"href":"https:\/\/buchham.com\/buchham\/wp-json\/wp\/v2\/types\/page"}],"author":[{"embeddable":true,"href":"https:\/\/buchham.com\/buchham\/wp-json\/wp\/v2\/users\/1"}],"replies":[{"embeddable":true,"href":"https:\/\/buchham.com\/buchham\/wp-json\/wp\/v2\/comments?post=18"}],"version-history":[{"count":10,"href":"https:\/\/buchham.com\/buchham\/wp-json\/wp\/v2\/pages\/18\/revisions"}],"predecessor-version":[{"id":171,"href":"https:\/\/buchham.com\/buchham\/wp-json\/wp\/v2\/pages\/18\/revisions\/171"}],"wp:attachment":[{"href":"https:\/\/buchham.com\/buchham\/wp-json\/wp\/v2\/media?parent=18"}],"curies":[{"name":"wp","href":"https:\/\/api.w.org\/{rel}","templated":true}]}}